{"id":741,"date":"2024-03-25T11:06:32","date_gmt":"2024-03-25T11:06:32","guid":{"rendered":"https:\/\/tecac.de\/?page_id=741"},"modified":"2024-03-26T06:49:26","modified_gmt":"2024-03-26T06:49:26","slug":"tecac-mainpage","status":"publish","type":"page","link":"https:\/\/tecac.de\/?page_id=741","title":{"rendered":"MainPage"},"content":{"rendered":"\n\n\n<h2 class=\"wp-block-heading\"><strong>\u00dcbersicht<\/strong><\/h2>\n\n\n\n<p class=\"has-medium-font-size\"><strong>Technology and Commerce Association of Chinese in Germany ( TeCAC e.V. )<\/strong><\/p>\n\n\n<div class=\"wp-block-image\">\n<figure class=\"aligncenter size-full\"><img loading=\"lazy\" decoding=\"async\" width=\"700\" height=\"184\" src=\"https:\/\/tecac.de\/wp-content\/uploads\/2018\/04\/701.jpg\" alt=\"\" class=\"wp-image-368\" srcset=\"https:\/\/tecac.de\/wp-content\/uploads\/2018\/04\/701.jpg 700w, https:\/\/tecac.de\/wp-content\/uploads\/2018\/04\/701-300x79.jpg 300w\" sizes=\"auto, (max-width: 700px) 100vw, 700px\" \/><\/figure>\n<\/div>\n\n\n<p><\/p>\n\n\n\n<h2 class=\"wp-block-heading\"><strong>Zweck<\/strong><\/h2>\n\n\n\n<p>Pflege und F\u00f6rderung der gesellschaftlichen und kulturellen Beziehungen zwischen den Religionen und den Unternehmen in Deutschland und China Unterst\u00fctzung der wirtschaftlichen Kontakte zwischen Deutschland und chinesischen Unternehmen Intensivierung des wissenschaftlich Austausches f\u00fcr Unternehmen<\/p>\n\n\n\n<p><\/p>\n\n\n\n<h2 class=\"wp-block-heading\"><strong>Mitgliedschaft<\/strong><\/h2>\n\n\n\n<p class=\"has-small-font-size\">Der Verein ist eine nach den einschl\u00e4gigen deutschen Gesetzen offiziell beim deutschen Gericht eingetragene Zivilgesellschaft. Der Verein ist ein kostenpflichtiges Mitgliedschaftssystem und seine Mitglieder sind alle Chinesen in Deutschland, die in Deutschland studiert, gearbeitet und gelebt haben und die folgenden Bedingungen erf\u00fcllen:<\/p>\n\n\n\n<ul class=\"wp-block-list\">\n<li class=\"has-small-font-size\">Mitglied des Vereins kann jede nat\u00fcrliche Person werden, gegebenenfalls auch juristische Personen sowie Unternehmen.<\/li>\n\n\n\n<li class=\"has-small-font-size\">\u00dcber die Aufnahmeentscheidet nach schriftlichem Antrag der Vorstand.<\/li>\n\n\n\n<li class=\"has-small-font-size\">Der Austritt aus dem Verein ist jederzeit zul\u00e4ssig. Er muss schriftlich gegen\u00fcber dem Vorstand erkl\u00e4rt werden.<\/li>\n\n\n\n<li class=\"has-small-font-size\">Ein Mitglied kann aus dem Verein ausgeschlossen werden, wenn sein Verhalten in grober Weise gegen die Interessen des Vereins verst\u00f6\u00dft. \u00dcber den Ausschluss entscheidet die Mitgliederversammlung.<\/li>\n\n\n\n<li class=\"has-small-font-size\">Die Mitgliedschaft endet mit dem Tod des Mitglieds, bei juristischen Personen mit deren Erl\u00f6schen.<\/li>\n\n\n\n<li class=\"has-small-font-size\">Das ausgetretene oder ausgeschlossene Mitglied hat keinen Anspruch gegen\u00fcber dem Vereinsverm\u00f6gen.<\/li>\n\n\n\n<li class=\"has-small-font-size\">Die Mitglieder haben Mitgliedsbeitr\u00e4ge zu leisten. Die H\u00f6he und F\u00e4lligkeit der Mitgliedsbeitr\u00e4ge wird durch die Mitgliederversammlung festgesetzt.<\/li>\n<\/ul>\n\n\n\n\n<div class=\"wp-block-image\">\n<figure class=\"aligncenter size-full is-resized\"><img loading=\"lazy\" decoding=\"async\" width=\"847\" height=\"413\" src=\"https:\/\/tecac.de\/wp-content\/uploads\/2018\/03\/Deutschland_China_vege-fotolia_620.jpg\" alt=\"\" class=\"wp-image-230\" style=\"width:600px\" srcset=\"https:\/\/tecac.de\/wp-content\/uploads\/2018\/03\/Deutschland_China_vege-fotolia_620.jpg 847w, https:\/\/tecac.de\/wp-content\/uploads\/2018\/03\/Deutschland_China_vege-fotolia_620-300x146.jpg 300w, https:\/\/tecac.de\/wp-content\/uploads\/2018\/03\/Deutschland_China_vege-fotolia_620-768x374.jpg 768w\" sizes=\"auto, (max-width: 847px) 100vw, 847px\" \/><\/figure>\n<\/div>\n\n\n<h2 class=\"wp-block-heading\"><strong>Vorstand<\/strong><\/h2>\n\n\n\n<ul class=\"wp-block-list\">\n<li class=\"has-small-font-size\">Der Gesamtvorstand des Vereins besteht aus&nbsp;dem 1.  Vorsitzenden,  dem 2. Vorsitzenden, dem Kassier und dem Schriftf\u00fchrer.<\/li>\n\n\n\n<li class=\"has-small-font-size\">Der Vorstand&nbsp;im Sinne des \u00a726 BGB besteht aus dem 1. Vorsitzenden und dem&nbsp;2. Vorsitzenden. Jeder von ihnen vertritt den Verein einzeln.  <\/li>\n\n\n\n<li class=\"has-small-font-size\">Der Vorstand wird von der Mitgliederversammlung auf die Dauer von drei Jahren gew\u00e4hlt; er bleibt jedoch so lange im Amt bis eine Neuwahl erfolgt ist.<\/li>\n<\/ul>\n\n\n\n<p><\/p>\n\n\n\n<h2 class=\"wp-block-heading\"><strong>Mitgliederversammlung<\/strong><\/h2>\n\n\n\n<ol class=\"wp-block-list\">\n<li class=\"has-small-font-size\">Die ordentliche Mitgliederversammlung findet einmal j\u00e4hrlich statt. Au\u00dferdem muss eine Mitgliederversammlung einberufen werden, wenn das Interesse des Vereins es erfordert oder wenn mindestens 2\/3 der Mitglieder die Einberufung schriftlich unter Angabe des Zwecks und der Gr\u00fcnde verlangt.<\/li>\n\n\n\n<li class=\"has-small-font-size\">Jede Mitgliederversammlung ist vom Vorstand schriftlich unter Einhaltung einer Einladungsfrist von 4 Wochen und unter Angabe der Tagesordnung einzuberufen.<\/li>\n\n\n\n<li class=\"has-small-font-size\">Versammlungsleiter ist der 1. Vorsitzende und im Falle seiner Verhinderung der 2. Vorsitzende. Sollten beide nicht anwesend sein, wird ein Versammlungsleiter von der Mitgliederversammlung gew\u00e4hlt. Soweit der Schriftf\u00fchrer nicht anwesend ist, wird auch dieservon der Mitgliederversammlung bestimmt.<\/li>\n\n\n\n<li class=\"has-small-font-size\">Jede ordnungsgem\u00e4\u00df einberufene Mitgliederversammlung ist ohne R\u00fccksicht auf die Zahl der erschienenen Mitglieder beschlussf\u00e4hig.<\/li>\n<\/ol>\n","protected":false},"excerpt":{"rendered":"<p>\u00dcbersicht Technology and Comme [&hellip;]<\/p>\n","protected":false},"author":3,"featured_media":0,"parent":0,"menu_order":0,"comment_status":"closed","ping_status":"closed","template":"","meta":{"footnotes":""},"class_list":["post-741","page","type-page","status-publish","hentry"],"_links":{"self":[{"href":"https:\/\/tecac.de\/index.php?rest_route=\/wp\/v2\/pages\/741","targetHints":{"allow":["GET"]}}],"collection":[{"href":"https:\/\/tecac.de\/index.php?rest_route=\/wp\/v2\/pages"}],"about":[{"href":"https:\/\/tecac.de\/index.php?rest_route=\/wp\/v2\/types\/page"}],"author":[{"embeddable":true,"href":"https:\/\/tecac.de\/index.php?rest_route=\/wp\/v2\/users\/3"}],"replies":[{"embeddable":true,"href":"https:\/\/tecac.de\/index.php?rest_route=%2Fwp%2Fv2%2Fcomments&post=741"}],"version-history":[{"count":25,"href":"https:\/\/tecac.de\/index.php?rest_route=\/wp\/v2\/pages\/741\/revisions"}],"predecessor-version":[{"id":794,"href":"https:\/\/tecac.de\/index.php?rest_route=\/wp\/v2\/pages\/741\/revisions\/794"}],"wp:attachment":[{"href":"https:\/\/tecac.de\/index.php?rest_route=%2Fwp%2Fv2%2Fmedia&parent=741"}],"curies":[{"name":"wp","href":"https:\/\/api.w.org\/{rel}","templated":true}]}}